culate the highest common divisor of z and 168.
56
Let y(q) = q**3 - 117*q + 12782. Let z be y(0). What is the greatest common factor of z and 308?
154
Let g = 152 - 140. Suppose -10*j + 8 = -g. Suppose 3*r + 4*u = 1, 4*r - u - 19 = j*r. Calculate the greatest common divisor of 56 and r.
7
Suppose -4*r = 5*p - 5164, -34*r = 4*p - 36*r - 4126. What is the greatest common divisor of 24 and p?
24
Suppose -18*b + 444 = -14*b. Suppose 2*j = 3*j - b. Suppose -3*a = -4*v + j, -5*v - a + 4*a = -135. What is the highest common divisor of v and 48?
24
Let u(g) = 18*g**2 + 67*g + 6. Let w be u(11). Suppose 0 = -5*j + w - 896. What is the highest common divisor of j and 15?
15
Suppose m + 322 = 3*q, -98 - 122 = -2*q - 2*m. Let d be (-90)/((6 - 5) + 0). Let y = d + q. What is the highest common factor of y and 24?
6
Suppose 0 = 1197*c - 1214*c + 31093. Calculate the highest common factor of c and 177.
59
Let j = -5141 + 5209. Calculate the highest common factor of j and 4148.
68
Let n be (-304)/(-20) - (-8)/10. Suppose 0 = -n*q + 10*q + 624. Calculate the greatest common divisor of 24 and q.
8
Let r = -2 + 15. Suppose r*c - 31 = 86. Let t be (c + -4)*34/10. What is the greatest common factor of t and 17?
17
Suppose 15*s + 428 - 3758 = 0. What is the greatest common divisor of 296 and s?
74
Let x = 212 + -109. Suppose 0 = -17*k - 35 + x. Suppose -106 = -k*z + 30. What is the highest common divisor of z and 51?
17
Let w(j) = -2*j**3 - 76*j**2 + 634*j + 187. Let l be w(-45). Let c be (1 - 16 - 1)*-14. Calculate the greatest common factor of c and l.
7
Let f(w) = w**3 - 5*w**2 - 4*w - 4. Let b be f(7). Let t = 205 - 183. What is the highest common divisor of b and t?
22
Suppose -55*r + 50 = -60*r. Let v(s) = -19*s - 80. Let b be v(r). Let l be (-2*5)/((-1)/1). What is the greatest common factor of b and l?
10
Suppose 2*i + 3*j - 170 = 5*j, 4*i - 3*j - 339 = 0. Let n = 239 - i. Calculate the greatest common divisor of 62 and n.
31
Let o = 821 + 490. Let n = o + -933. What is the highest common factor of 14 and n?
14
Suppose -661 = -3*i + 5*d - 127, 3*i - d = 546. Suppose -24*x = -i - 3465. Let v(f) = 9*f + 1. Let b be v(2). What is the greatest common divisor of b and x?
19
Let i(q) = q**3 - 95*q**2 - 1903*q + 37. Let l be i(-17). What is the highest common divisor of l and 4390?
10
Let p be 3343785/85 - 426/(-1207). Calculate the highest common divisor of p and 31.
31
Let d = 5557 - 5317. What is the greatest common divisor of 705 and d?
15
Let w = -3434 - -8486. What is the greatest common factor of 36 and w?
12
Suppose 191*y - 80 = 199*y. Let x be 26 + 0 - (-13 - y). What is the highest common factor of x and 29?
29
Let v be (-130328)/(-66) + 1*6/(-9). Calculate the highest common factor of v and 210.
42
Suppose 4*i - 196 = -2*k + 3686, i - k = 975. Let g be (-7)/((-4)/i*3). Let h = g - 259. What is the highest common divisor of 28 and h?
28
Suppose -21484 = -139*g + 31892. What is the greatest common divisor of g and 480?
96
Let m be (816/(-54))/(-2)*963. Calculate the highest common factor of 476 and m.
68
Let k(p) = 8*p + 52. Let c(a) = 4*a + 0 - a + 5 + 12. Let l(r) = -11*c(r) + 4*k(r). Let h be l(6). Calculate the highest common divisor of h and 120.
15
Let r be (6/(-10))/((-56)/(-280)) + 348. Calculate the greatest common divisor of 570 and r.
15
Let d = -5319 + 5623. Calculate the highest common factor of 1296 and d.
16
Suppose 105*o - 43 - 47 = 15. Let y be (1*-1)/((-2)/158). Let r be y/7 + (-14)/49. What is the highest common factor of o and r?
1
Suppose -28*q - 2*q - 21*q = -2601. What is the greatest common factor of q and 1904?
17
Let b be (2/8)/((-16)/(-128)). Suppose 2*o + 2*t - 42 = -b*o, -5*o - t + 45 = 0. Calculate the highest common factor of 56 and o.
8
Suppose -3*i = -4*c - 103, -9 + 72 = -4*c - 5*i. Let x be (c - -19)*(-16)/3. Let t(z) = 128*z. Let p be t(1). What is the highest common factor of x and p?
16
Let a be (-5)/4*2*-10. Suppose 0 = 31*j + 77*j - 95 - 32305. What is the highest common factor of a and j?
25
Suppose -18*d - 4284 = -22*d + 5*a, 0 = 3*a + 12. Calculate the greatest common divisor of 52 and d.
26
Let t(p) = -p**2 - p - 144. Let z be t(0). Let w be (-32)/z + 1006/9. Calculate the highest common factor of 28 and w.
28
Let v(d) = 5151*d + 3144. Let c be v(2). Calculate the greatest common divisor of c and 108.
54
Let o(y) be the third derivative of -y**5/30 + 7*y**4/8 - 5*y**3/6 + 61*y**2. Let d be o(10). What is the highest common divisor of 25 and d?
5
Let h(x) = x**3 - 29*x**2 + 31*x - 9. Let c be h(28). Let b be -4 + 2 + 2 - -2. Suppose b = -2*g + 32. Calculate the greatest common factor of g and c.
15
Suppose 8*y - 4*c - 168 = 4*y, -5*y + 195 = -2*c. What is the greatest common factor of y and 2?
1
Suppose 1373*o - 1368*o + 40 = 0, -5*s - o + 34467 = 0. Calculate the highest common factor of s and 140.
35
Let m be (-2)/(-12)*-3*0. Suppose 5*x - 40 = -m*x. Suppose -6*l - 4*q = -9*l + 64, 3*l = 2*q + 56. Calculate the greatest common factor of l and x.
8
Let l(b) = b**3 + 24*b**2 + 12*b + 854. Let t be l(-19). What is the greatest common factor of t and 748?
187
Let y(j) = -j**3 + 5*j**2 - j + 5. Let f be y(5). Let c be f + (-110)/1*-2. Suppose 490 - 138 = 61*i - 2332. Calculate the highest common divisor of i and c.
44
Let l be 12/(((-36)/30)/(4/5)). Let v be (-60)/10*44/l. What is the highest common factor of 275 and v?
11
Suppose 0 = 15*o + 14*o - 49*o + 43320. Calculate the highest common divisor of 456 and o.
114
Let u = -16047 + 23691. Calculate the highest common divisor of u and 14.
14
Let w = 3 + 1. Suppose -2*p - 4*q - 72 = -3*p, 5*p - w*q = 280. Suppose 2*o - 9409 + 9149 = 0. Calculate the greatest common factor of p and o.
26
Suppose -3*t + 20520 = 24*t. Suppose -n = -2*u + 374, 3*u - 7*u - 4*n = -t. What is the highest common divisor of u and 47?
47
Let l be (180/25 - 6)*195/26. Calculate the greatest common factor of l and 1791.
9
Suppose j - 3*p - 2114 = 0, 0 = j - p - 818 - 1298. What is the highest common divisor of j and 219?
73
Let y = 26 + -13. Suppose -2*t - 2*o + 237 = -5*o, 3*o + 3 = 0. Calculate the greatest common divisor of y and t.
13
Suppose -2*l - 5*o = -394, -5*l + 4*o = -3*o - 1024. What is the greatest common divisor of l and 2222?
202
Let c(m) = 40*m**2 + 236*m + 4. Let a be c(-6). What is the greatest common factor of a and 1636?
4
Let n = -11860 - -12280. Calculate the highest common factor of 50 and n.
10
Let m(x) = 2*x**2 + 1 - 6 + 11*x**2 - 2*x. Let k be m(5). Let g = -184 + k. What is the greatest common divisor of g and 18?
18
Suppose -44 = 4*q + 88. Let c = 3 - q. Suppose -5*z = -3*v - 69, -4*z + 5*v + 36 = -27. Calculate the highest common factor of z and c.
12
Let n(t) = -15*t - 18. Let h(v) = 2*v - 24. Let j be h(8). Let p be n(j). What is the highest common divisor of p and 34?
34
Let g(b) be the first derivative of -9*b**2/2 + 4. Let o be g(-2). Let u(a) = 25*a - 82. Let v be u(4). What is the greatest common factor of v and o?
18
Let f = -228 + 224. Let y(v) = 6*v**2 - 12*v - 24. Let m be y(f). Calculate the highest common divisor of 40 and m.
40
Let z be (-21 + 34)/(1/11). What is the highest common divisor of 110 and z?
11
Let j = 2819 + -2199. Calculate the highest common factor of 110 and j.
10
Suppose -61*k + 59*k - 68 = -3*f, 4*k + 40 = 2*f. Calculate the greatest common divisor of f and 804.
12
Let k = -1 - -16. Let s = -150 + 150. Suppose -t = 3*w - 6, -2 = -2*t + 4*w - s*w. Calculate the highest common divisor of k and t.
3
Suppose -4*q - 77 = -3*p - 0*q, 4*p - 111 = -3*q. Let g be -2 + 0 + -1 + -5 + 11. What is the greatest common factor of g and p?
3
Let l be 6 + ((-6)/15)/((-4)/(-20)). Suppose -3*f - 1 = -l. Let v be (-6)/((1 + 2)/(-63)*f). What is the greatest common divisor of v and 21?
21
Suppose -59844 = -3*s - 2*i, -23*i = -7*s - 19*i + 139584. Calculate the greatest common divisor of 72 and s.
72
Let g = -46 - -122. Suppose 4*t + 7 = f - 4, t = -5*f + g. Suppose -4*i + 0*i + 72 = 4*l, -i - 5*l + 10 = 0. What is the greatest common factor of f and i?
5
Let n = 160 - 106. Let f be (14/(-4))/((-8)/84*63/648). Calculate the greatest common divisor of n and f.
54
Let o(k) = 4*k - 44. Let f be o(12). Let x(a) = -f*a + 11 + 1 - a + 0. Let g be x(-20). Cal